+ 2*r**2. Let u be s(5). List the prime factors of (2*u)/(-1 - -3).
2, 7
Let y = -124 + 178. Suppose 0 = -4*u + y - 18. What are the prime factors of u/(-6)*62/(-3)?
31
Let g(m) = m**3 - 6*m**2 - 7*m - 16. Let q be g(8). Let i = q + 9. What are the prime factors of i?
5, 13
Suppose -2*a + 5*w = -11, -3*a + 5 = -5*w - 4. Let s be 2/6 - (-194)/(-6). What are the prime factors of (24/s)/(a/48)?
2, 3
Suppose -310 = -g + 2153. List the prime factors of g.
3, 821
Let c(d) = 3*d**2 - d + 2. Let w be c(2). Suppose -3*f - 3 + w = 0. Suppose 0 = f*u - 0*u - 6. What are the prime factors of u?
2
Let x = -56 - -51. Let o = x - -24. What are the prime factors of o?
19
Let g(t) = -t**2 - t + 1. Let o be g(2). What are the prime factors of (-3)/o + (-1362)/(-30)?
2, 23
Let n(g) = -54*g + 3. Let t be n(1). Let f = 7 - t. List the prime factors of f.
2, 29
Suppose 3*y + 4 - 19 = 0. Suppose 0 = -4*q - y - 3. List the prime factors of (q - 33/(-12))*4.
3
Let z(a) = -a**3 - 16*a**2 - 15*a + 4. Let n be z(-15). Suppose -5*v + 10 = 5*d, -2*v + 3*v = d - n. What are the prime factors of d?
3
Let o = -446 - -1347. What are the prime factors of o?
17, 53
Suppose 7*q - 312 = 3*q. Let t = 130 - q. Suppose 0 = -z - 28 + t. What are the prime factors of z?
2, 3
Let v(a) = a - 4. Let r be v(3). Let m = r - -3. Suppose 2*o + 5*s - 35 = 0, -2*o + m*s = 4*s - 38. What are the prime factors of o?
2, 5
Suppose -7 = 4*t - 0*t + 5*h, -5*t = 5*h + 5. Suppose -d = 3*d + 4*q - 28, t*q + 4 = 4*d. Suppose 0 = -0*p + d*p - 33. List the prime factors of p.
11
Let r(h) be the second derivative of 0 - 9*h + 19/2*h**2 + 1/3*h**3. List the prime factors of r(9).
37
Let s(i) = -i**3 + 9*i**2 - 10*i - 3. Let z(m) = -5*m - 5. Let j be z(-5). Suppose -7*t + 3*t - j = 0, -2*q = -t - 17. What are the prime factors of s(q)?
3, 5
Let c = 106 + -104. Suppose -c*m - 17 = -149. What are the prime factors of m?
2, 3, 11
Let z(b) = 122*b - 1. Let s be z(7). Suppose -5*f - 5*d = -1100, 2*d + s = 4*f - 3*d. What are the prime factors of f?
7, 31
Suppose -4*h + 36 = -4*x, -2*h + 4*x + 20 = -0*h. Suppose -5*w - h = -2*j + 149, 480 = 5*j + 5*w. What are the prime factors of j?
7, 13
Suppose -12*l + 3357 = -7*l + x, -5*x + 2673 = 4*l. List the prime factors of l.
2, 3, 7
Let m be (-2)/7 + (-276)/(-84). Suppose 7*g - 60 = m*g. What are the prime factors of g?
3, 5
Suppose 0 = -3*s + 4*t + 13063, -2*s - 3167 + 11879 = -2*t. List the prime factors of s.
7, 89
Suppose -5*c = s + 22, 2*s - 8 = s + c. Suppose 3*t + 8 = -f, -9*t = 4*f - 5*t. Suppose -3*z + 160 = f*x - 0*z, -2*z + 120 = s*x. List the prime factors of x.
2, 5
Let u = -9 + 12. Let a be u/3*-3 + 16. Let q = 42 - a. What are the prime factors of q?
29
Suppose -5*v - 3*b = -775, 5*b - 62 = -5*v + 703. Let j = 342 - v. List the prime factors of j.
2, 23
Let b(n) = 5*n**2. Let u be b(1). Let q = 7 - u. Suppose 0 = -q*a + 4*c, 2*a = -c + 3 + 2. List the prime factors of a.
2
Suppose 0 = r + a - 18, -2*a = -3*r + 2*r + 33. Let o = 10 + -21. Let y = r + o. What are the prime factors of y?
2, 3
Suppose g + 7 = t, -3 = -6*g + 3*g. Suppose -o + t + 60 = 0. Suppose -2*l = -o + 4. What are the prime factors of l?
2
Suppose -l + 2*n - 54 = 4*l, -3*l - 5*n = 51. List the prime factors of 22*(-2)/l*9.
3, 11
Let g(i) = -1718*i**3 - 2*i**2 - i + 1. List the prime factors of g(-1).
2, 859
What are the prime factors of (35/21)/(7/5271)?
5, 251
Let o = 6 - 6. Suppose 3*k - 5*k + 44 = o. List the prime factors of k.
2, 11
Let t(u) = -1341*u - 249. What are the prime factors of t(-2)?
3, 811
Let b(y) = 9*y**2 - 19*y - 81. List the prime factors of b(20).
43, 73
Let i = 332 + -221. List the prime factors of i.
3, 37
Let x(f) = 5*f**2 + 127*f - 99. List the prime factors of x(-42).
3, 1129
Let n(l) = l**3 + 2*l**2 - 5*l - 1. Let d be n(-4). Let m = 6 - 30. Let h = d - m. What are the prime factors of h?
11
Let v be ((-42)/9)/((-2)/(-3))*1. Let h(l) = -l + 4. Let w be h(6). Let x = w - v. List the prime factors of x.
5
Let m be (3/(-4))/((-2)/8 + 0). List the prime factors of -4 + 58*m/6.
5
Let f = 958 - 526. List the prime factors of f.
2, 3
Let n(a) = -a**3 + 8*a**2 + 2*a + 11. Let x be (2/(-6))/(6/(-18)). Let z be (-80)/(-50)*5/x. List the prime factors of n(z).
3
Suppose g - 21 = -2*g. Let x(m) = m**2 - 7*m + 8. Let r be x(g). List the prime factors of (2/(-2))/(r/(-152)).
19
Let r be -41*2/2*(-3)/1. Suppose -r = -3*u + 15. What are the prime factors of u?
2, 23
Let i = 12 - 2. Let u be (-6)/i - 36/(-10). Suppose f = u*p - 175, 3*p - 110 = p + 4*f. List the prime factors of p.
59
Let x(v) = -v**3 - 2*v**2 + 30*v + 1092. List the prime factors of x(0).
2, 3, 7, 13
Let g(p) = -p**2 - 123*p + 89. List the prime factors of g(-54).
5, 7, 109
Let f be 159/(-33) + 4/(-22). Let l(i) = -2*i - 7. Let u be l(f). Suppose -u*n = -2*n - 34. List the prime factors of n.
2, 17
Let t(u) = -2*u**2 - 17*u + 17. Let a be t(-13). Let q = 171 + a. List the prime factors of q.
71
Suppose -4*c = 4*v + 20, 3*c - 4*v = 6*c + 19. Let h = c - -4. Suppose -83 = -h*a + 16. List the prime factors of a.
3, 11
Let t(y) = -y**3 + 34*y**2 - 102*y + 64. What are the prime factors of t(24)?
2, 211
Let k be (1 - 0)/((-7)/(-49)). Let r be 4/(-6) + 5/3. Let d = k + r. List the prime factors of d.
2
Suppose -8 = -3*i + i, -3*l = 4*i - 7. Let v be 32/24*l/(-2). Suppose -t + 2 = -v. What are the prime factors of t?
2
Let i(w) = w**3 - 6*w**2 - 4*w - 4. Let x be i(5). Let o be (x - 1)/(-5 - -4). Suppose 0 = f + f - o. What are the prime factors of f?
5
Let k(g) = g**3 + 36*g**2 - 90*g - 46. What are the prime factors of k(-38)?
2, 3
List the prime factors of 24/300 + 200240/125.
2, 3, 89
Let u(g) = -g**3 + 5*g**2 + 4*g - 16. Let p be u(5). Suppose p*j = -2*f + 1060, -3*j + 4*f + 256 = -2*j. What are the prime factors of j?
2, 3, 11
Suppose -2*m = -29*m + 34371. What are the prime factors of m?
19, 67
Suppose -6*c + 284 = -2*c. Suppose 2*a = c + 11. What are the prime factors of a?
41
Suppose -2*m + 3 = -m - s, 0 = -5*m + 4*s + 15. Suppose -69 = -m*c + 456. List the prime factors of c.
5, 7
Suppose 4*n - 4*u + 1423 + 1961 = 0, 4*u - 861 = n. List the prime factors of n/(-8) - ((-50)/(-16) - 3).
3, 5, 7
Suppose 0 = 5*x - 9*x + 20. Let m = x + -5. Suppose m = -f + 6*f - 65. What are the prime factors of f?
13
Suppose -k = -m - 1, -k = 2*m + 3*k - 28. Suppose 2*w + 2*u = m, 5*w - 3*u + 20 = w. What are the prime factors of (-35)/w - 20/40?
17
Let o(v) = 321*v - 39. List the prime factors of o(5).
2, 3, 29
Suppose -4*j - 3*h = 1215 - 4252, 2*h + 2 = 0. List the prime factors of j.
2, 5, 19
Let l(h) = -h**3 + 9*h**2 - 6*h + 7. Let i be l(6). Let d(b) = -4*b + 48. Let g be d(-17). Let r = g - i. What are the prime factors of r?
37
Suppose 0 = -x + 3*i + 6, -3*i - 9 = -2*x + 2*i. Let o = 77 - 87. List the prime factors of (o/x)/5*9.
2, 3
Suppose 4*q + 4*r = -16, -3*r - 20 = -5*q + 2*r. Suppose 4*m - 4*o + 20 = q, -1 = 3*o - 16. Suppose m = -f - 0 + 9. List the prime factors of f.
3
Let i(g) = -3*g**3 + 4*g**2 + 4*g - 1. Suppose 0 = -2*l + 4*m + 16, 6*l = 3*l + 3*m + 18. Let v be i(l). Let o = 160 + v. List the prime factors of o.
47
Suppose 5*s - 45 = -5*i, 0*i = -i + 5*s - 3. Suppose m - 4*b - i = 0, 0*b = 5*m - 4*b - 3. Let k = 11 + m. List the prime factors of k.
2, 5
Let n(p) = 2*p**3 - 8*p**2 - 18*p + 48. What are the prime factors of n(11)?
2, 193
Let x = 274 + 1526. What are the prime factors of x?
2, 3, 5
Let w = 22 + -22. Suppose 3*i - 6*s + 7*s - 625 = w, -4*i + 865 = -5*s. What are the prime factors of i?
2, 3, 5, 7
Let u(g) be the third derivative of -g**6/24 - g**5/30 - g**4/8 - g**3/6 - 2*g**2. Suppose 0 = 3*x + 4 + 2. List the prime factors of u(x).
37
Let d(s) = -73*s - 30. List the prime factors of d(-12).
2, 3, 47
Suppose 3*d + 40 = 58. Let x(i) = 29*i - 26. List the prime factors of x(d).
2, 37
Suppose 4*p = 4*s + 84, 0 = -3*s + 5*s + 2*p + 22. Let b(r) = -4*r - 29. What are the prime factors of b(s)?
5, 7
Suppose 3*c - h - 1819 = -0*c, 2*c - h - 1212 = 0. List the prime factors of c.
607
Let j be 7289/7 - 18/63. Suppose 217 - j = -8*z. List the prime factors of z.
103
Let m = -47 - -29. List the prime factors of (-2 + -148)/(m/12).
2, 5
Let p(k) = k**3 - 10*k**2 + 10*k + 1. Suppose 0 = -5*x - 2*u + 3